) = 1285*n + 2. Suppose -5*i + 2*i = 0, 2*i = 4*w + 4. Let u be b(w). Let a = 1846 + u. Is a a composite number?
False
Suppose 17 = -2*t + 25. Suppose x + 61 + 13 = c, -2*c - t*x = -166. Is c a composite number?
True
Let y be (-3085)/(-30) - (-2)/12. Suppose -3*o + 1288 = y. Is o composite?
True
Let j be (8/12 + 0)*3. Suppose 0 = c - j*c. Suppose -5*v = -5*n - 1325, 4*v + 5*n = -c*n + 1060. Is v prime?
False
Let s(f) = 5*f**3 - f**2 - 3*f + 4. Let a be s(1). Let z be 4/14 + 33/7. Suppose -j + 167 = -4*t, 5 = -a*t - z. Is j composite?
True
Suppose -4*t = t - 8850. Suppose -p - t = -6*p. Suppose 2*c - p = -4*a, 264 = -3*a + 6*a + 3*c. Is a prime?
True
Suppose 0 = -2*d - 2*g + 64, 0 = -4*g - 0*g + 4. Let l = d - -472. Is l prime?
True
Suppose 25*v - 27*v + 4 = 0. Suppose 4*t - 2192 = -v*u, -u - 1117 = -2*u + 5*t. Suppose -m - u = -5*q, 5*q + m - 1099 = 3*m. Is q a composite number?
True
Let k = -6 - -10. Suppose 18 = -k*w + 2. Is 17 - -2 - (w - -4) a composite number?
False
Let p(z) = 8*z - 12. Let b be p(2). Suppose -b*n + 3867 + 146 = 3*h, 0 = -n + 5*h + 1032. Is n composite?
True
Let j = -62195 - -98074. Is j a composite number?
False
Is 7 + 395/(-55) - (-59892)/44 composite?
False
Suppose -3*v + 963 + 7854 = 0. Is v prime?
True
Let h = 24800 - 6853. Is h composite?
True
Let q be 869/3 + (-2)/(-6). Suppose 6*y = 3*y - 588. Let u = q + y. Is u a composite number?
True
Let h be (-13)/(-65) - (-1)/(-5). Suppose m + 2*m - 1119 = h. Suppose w - m = 516. Is w a prime number?
False
Suppose -2*k + 50 = -5*x, 0 = -k - 2*k + 5*x + 65. Let a be 7919/(-5) - 3/k. Let d = -619 - a. Is d prime?
False
Let a = 13 - 13. Suppose -j = i - 3, -4*j + 5*i + 12 = -a*i. Is ((1 - j) + 3)*407 prime?
False
Let g(y) = -y**3 + 17*y**2 - y + 16. Let m be g(17). Let l(r) = 96*r**2 - r - 2. Let d be l(m). Suppose -3*j - 2*j = -d. Is j a prime number?
True
Let o = 6393 + 2756. Is o a composite number?
True
Let m be 4*(-4)/(-16) - -173. Suppose -5*r = -5*t - 40, 0*r = r + 3*t + 12. Suppose 6*a - m = r*a. Is a a prime number?
False
Suppose 3*f - 114831 = -33*s + 29*s, -s - 191362 = -5*f. Is f prime?
True
Let z(p) = 914*p + 107. Is z(7) a composite number?
True
Let x = 37264 + -2355. Is x a composite number?
True
Let r(u) = -u**3 - 7*u**2 - 15*u + 13. Let o be (2 + -7 - -1) + -7. Is r(o) composite?
True
Let g = 67 - 49. Let x(v) = 3*v**2 - 24*v + 1. Is x(g) prime?
True
Let s be (-2)/(-3) + 2/6. Let y(k) = 201*k + 2. Is y(s) a composite number?
True
Suppose -10*b = -40912 - 62098. Is b composite?
False
Suppose 4*v - 5*o - 13029 = 0, 0*o - o + 3255 = v. Suppose 5*j - 2749 = v. Is j a prime number?
True
Suppose -5*j - y + 80725 = 0, 3*j + 4*y - 24984 - 23451 = 0. Is j a composite number?
True
Let t(k) = 2*k**2 - 2*k + 6. Let d(i) = -5*i**2 + 4*i - 11. Let r(f) = -4*d(f) - 7*t(f). Suppose -5*l + 4*p = -p - 5, -l = 2*p - 4. Is r(l) a composite number?
True
Suppose f = -2*c + 9, -c + 0 + 2 = 3*f. Suppose h + 2753 = c*a, 2*h - 7*h = a - 535. Let b = 3 + a. Is b composite?
True
Suppose w + 2*b = 3*w - 14, -b - 28 = -4*w. Let c(y) = -3*y**2 - 7*y + 4. Let o be c(w). Let v = o - -483. Is v a composite number?
True
Suppose 0 = 3*k - 4*v - 8 - 12, 4*v + 24 = 4*k. Is (-8 + 6)*(-286)/k a composite number?
True
Let g = 13 - 13. Suppose 2*p - 288 - 112 = g. Suppose 2*w + 0*n - p = -2*n, 4*n = -5*w + 495. Is w a prime number?
False
Let j(n) = -113*n**2 + 1. Let q be j(-2). Let s = 946 - q. Is s prime?
False
Suppose -5 + 4 = -q, 0 = -3*t + 2*q + 88. Let k = t - 28. Is (2/(-4))/(k/(-564)) composite?
True
Let p(a) = a + 1487. Let y be p(0). Let k = y - 1006. Is k composite?
True
Suppose 3*p + 45 = -4*h, 25 + 19 = -2*p + 2*h. Let f = 60 - p. Is f prime?
True
Let y(z) = 25*z**2 - 2*z + 3. Let u be y(-4). Let f(h) = -17*h - 2. Let j be f(6). Let a = j + u. Is a composite?
False
Let r(k) = -k**3 + 3*k**2 + 5*k - 2. Let g be r(4). Is (-2)/4*(-11442 - (g + -2)) composite?
True
Let u(n) = -6*n - 2. Let h be 2/(-3) + (-20)/15. Is u(h) a prime number?
False
Let q = 876 + -199. Is q composite?
False
Let g = -3821 - -5854. Is g a prime number?
False
Suppose -8*i + 3*i = m + 4, -4*m + 48 = 4*i. Is 740/m + 2/(-8) composite?
True
Let d(b) = 7*b + 21*b - 11*b + 17 + 12*b. Let y(s) = s. Let n(m) = -d(m) + 6*y(m). Is n(-6) composite?
True
Suppose t - 2*t + 4 = 0. Suppose 5*u = 2*q + 390, -t*u - q + 324 = -5*q. Suppose 6*d = 2*d + u. Is d prime?
True
Let g(y) = -y**2 - 3. Let b be g(-6). Let l be (-4)/6*b/(-13). Let o(u) = 8*u**2 - 3*u - 1. Is o(l) a composite number?
False
Suppose -11*j + 3031 = -3294. Let w = 4330 - j. Is w a composite number?
True
Let s(j) = -88*j**3 + j**2 + 19*j**3 + 0*j + 1 + 2*j. Let t be (-6 - -10) + 1*-6. Is s(t) composite?
True
Let q(x) be the third derivative of x**7/2520 + 31*x**5/120 + x**4/6 - 2*x**2. Let b(s) be the second derivative of q(s). Is b(0) prime?
True
Let h = 2279 + 1020. Is h a composite number?
False
Is -1951*(-10)/(10 + 0) a composite number?
False
Let m(g) = g**2 + 12*g + 15. Suppose f + 2*q + 5 = -0*f, -2*q = 3*f + 27. Let d be m(f). Let z(x) = 30*x - 7. Is z(d) a prime number?
True
Let l = -1230 + 1319. Is l composite?
False
Let v be (357/2)/((-3)/6). Let w = 27 + -11. Is (-4)/w + v/(-4) composite?
False
Suppose -69 = -5*z - 2*s, z + 0*z + 4*s - 3 = 0. Let x = z + -21. Let w = x + 43. Is w prime?
True
Let d(q) = -q**2 - 6*q - 4. Let p be d(-4). Suppose 1683 - 535 = p*w. Suppose o + 0*o = w. Is o composite?
True
Let r(s) = s**2 - 3*s - 5. Let c be r(5). Suppose -c*l + l + 8 = 0. Is 26 - 1 - (0 + l) composite?
False
Let u(s) = 122*s + 17. Let t(a) = 3*a - 6. Let x be t(5). Is u(x) a prime number?
False
Let w(o) = 37*o - 2. Let l(d) = -2035*d + 111. Let q(m) = 2*l(m) + 111*w(m). Is q(7) composite?
True
Suppose -4*s + 0*s = -3*a - 16, 2 = -a - 2*s. Let r be -1771 - 1/((-2)/a). Is (-4)/14 + r/(-7) prime?
False
Suppose -5*d = -21 - 4. Suppose 0 = -3*w + 5*w + 4*t + 4, -19 = -w + d*t. Is w - (1 + 1 + -119) a prime number?
False
Suppose -5*s + 11086 = 2*u - 34392, -3*s + 3*u = -27270. Is s composite?
True
Let d(c) be the first derivative of 98*c**4 - 2*c**3/3 + c - 9. Is d(1) prime?
False
Suppose -w + 20 = 5*y, -4*y + 3*y - 4*w = -23. Let l(v) = -572*v. Let k be l(y). Let p = k - -3259. Is p prime?
True
Let g(f) = 1 + f**2 - f**2 - 2*f**2. Let d be g(-1). Is (3*d)/((-18)/228) a composite number?
True
Let v be (-80264)/(-48) - 1/6. Is v/48 - (-3)/18 prime?
False
Let l(k) = -19*k**2 - 3*k + 5277. Let w(a) = 13*a**2 + 2*a - 3518. Let p(m) = 5*l(m) + 7*w(m). Is p(0) a composite number?
False
Let t be 187/((-5)/((-70)/(-7))). Suppose 8 = 4*h + 4. Is h - t - 4/2 a prime number?
True
Let k(w) be the second derivative of 13*w**4/3 + w**3/3 - w**2/2 - w. Is k(2) a prime number?
True
Let s(r) = -r**3 - 8*r**2 + 9*r + 2. Let p be s(-9). Suppose 0*m = p*m - 788. Is m a prime number?
False
Suppose 0 = -5*m - 3*k + 25826, 20656 = 4*m + 10*k - 6*k. Is m prime?
True
Let t(b) = -b - 1. Let w(o) = -5*o - 6. Let c(q) = 6*t(q) - w(q). Let i be c(-3). Suppose 4*r + 5*s - 163 = 0, 2*r + 7*s = i*s + 86. Is r composite?
False
Let o(d) = -2*d - 6*d - 5 + 3*d + 37*d**2 + 2. Let j be o(4). Suppose 2*y - 366 = -2*c, c - j = -2*c + 2*y. Is c a prime number?
False
Let a = 1780 - -381. Is a a composite number?
False
Suppose 2*g + 70529 = 5*v, 8136 - 22234 = -v + 3*g. Is v a prime number?
True
Let y(d) = 42*d + 1. Let v(n) be the second derivative of n**3/3 - 5*n**2/2 + 4*n. Let w be v(5). Is y(w) a prime number?
True
Let j(q) = -2*q**2 + 5*q + 7. Let m be j(3). Suppose m*x - 2228 = -440. Is x composite?
True
Is (-2)/(-5)*(11 - (-127323)/42) prime?
True
Let v = -686 - -1459. Suppose 0 = 4*g - 2*s - 3022, v = g - 0*g - 4*s. Is g a composite number?
True
Let w be 2/(-9) - (3 + (-3026)/9). Suppose -2*u - 19 = 5*f, -u + 5*f = -11 - 17. Suppose -3*i + 333 = -5*p, -2*p - p = u*i - w. Is i composite?
True
Suppose 0 = 18*a - 22*a + 64576. Suppose 2*c + 4 = 3*c, 4*w - 3*c = a. Is w a composite number?
True
Let t(o) = -3*o**2 - 3*o - 27. Let p(c) = 4*c**2 + 4*c + 28. Let y(n) = -2*p(n) - 3*t(n). Is y(5) composite?
True
Let h = -1024 - -440. Is h/(-6) + (-6)/18 composite?
False
Suppose -581*c - 16198 = -595*c. Is c a composite number?
True
Let h(o) be the first derivative of 28*o**3 + o**2/2 + 1. Is h(-1) prime?
T